what is 111 + 2100212012?
2100212200
In base 16, what is -2674 + 4?
-2670
In base 15, what is -2 - -d95?
d93
In base 10, what is 3923 - 18?
3905
In base 11, what is 116 - -1029?
1144
In base 10, what is 7 - 13424?
-13417
In base 13, what is 128147 - -15?
12815c
In base 10, what is -3175 - -66?
-3109
In base 12, what is -818 - -93?
-745
In base 9, what is -44001 + -18?
-44020
In base 4, what is 1010 + -11110?
-10100
In base 2, what is -1001 + 110010001011?
110010000010
In base 11, what is -9584 - 11?
-9595
In base 2, what is -10010010100001101 - -101111?
-10010010011011110
In base 8, what is 2 - -25555?
25557
In base 11, what is -3141 + 7?
-3135
In base 5, what is 134 + 200103?
200242
In base 10, what is 52 + 23821?
23873
In base 5, what is -1041 - -10034?
3443
In base 4, what is -3 + -11111323?
-11111332
In base 5, what is 4030 + -23333?
-14303
In base 12, what is -3 + -29376?
-29379
In base 5, what is 1344241340 - -4?
1344241344
In base 4, what is -3 + -10033331?
-10100000
In base 4, what is 100310 + 101?
101011
In base 15, what is -1e - 1ba8c?
-1baab
In base 4, what is -10 + 2031212111?
2031212101
In base 2, what is -10 + 1000010011111101?
1000010011111011
In base 9, what is 8570 + 105?
8675
In base 11, what is -5 - 2a1000?
-2a1005
In base 14, what is -221ad + 2a?
-22183
In base 10, what is 97875 - 0?
97875
In base 4, what is -3 + -203330200?
-203330203
In base 12, what is 2152 - -14?
2166
In base 2, what is 110110110110100 + 10101?
110110111001001
In base 3, what is -1121011102 - -2?
-1121011100
In base 16, what is -2cd - 12f?
-3fc
In base 14, what is 457b + -4?
4577
In base 4, what is -13 + 1123023?
1123010
In base 13, what is 9a - -3332?
33cc
In base 14, what is 84d + -b5?
778
In base 3, what is -10001 + 112202?
102201
In base 3, what is -200202022 - -1002?
-200201020
In base 16, what is 41ee0 + -1?
41edf
In base 5, what is 14 - -133220?
133234
In base 6, what is 101150001 + -1?
101150000
In base 12, what is -7715 - -1?
-7714
In base 15, what is -c29c - 27?
-c2c4
In base 16, what is -26 + 3968?
3942
In base 10, what is 2581112 - -4?
2581116
In base 9, what is -863 + 216?
-646
In base 14, what is -2 - 1956?
-1958
In base 9, what is -432 - -303?
-128
In base 16, what is 12fd + e?
130b
In base 11, what is -5 - 8883?
-8888
In base 8, what is -3 + -366215?
-366220
In base 4, what is -1130233 - 11001?
-1201300
In base 11, what is 3 + 59?
61
In base 11, what is -153 - -3343?
31a0
In base 5, what is 14322411 + 4?
14322420
In base 8, what is -42374 - -1?
-42373
In base 7, what is 26514 + -60?
26424
In base 11, what is -28 - 4462?
-448a
In base 9, what is 8768 + -1?
8767
In base 3, what is 1 + -222001202?
-222001201
In base 11, what is 2 + -a048?
-a046
In base 3, what is 120010 + 202201?
1022211
In base 15, what is 2 - 979b2?
-979b0
In base 9, what is -4 - -28855?
28851
In base 8, what is 64407 - -53?
64462
In base 13, what is -22bb0 + 1?
-22bac
In base 2, what is 1001000100000010011 + 100?
1001000100000010111
In base 5, what is 2141 + -242340?
-240144
In base 16, what is 6a29e + -1?
6a29d
In base 10, what is -1909720 + -5?
-1909725
In base 4, what is -3 - -33101031?
33101022
In base 2, what is -1000 + 10001011100111110001?
10001011100111101001
In base 8, what is 1556 - 132?
1424
In base 14, what is 4 - -418d?
4193
In base 8, what is 25 - 4212?
-4165
In base 4, what is 100 - -3302203?
3302303
In base 4, what is -110 + -1101000?
-1101110
In base 11, what is -2704 + 15?
-269a
In base 8, what is 2 - -57073?
57075
In base 2, what is -1100011001000011010 + -100?
-1100011001000011110
In base 12, what is 1a604 - -1?
1a605
In base 4, what is 300201 + -3033?
231102
In base 12, what is -4b31 - 8?
-4b39
In base 6, what is 115 - 110334?
-110215
In base 10, what is 1 + 2355?
2356
In base 9, what is 1116 + -5?
1111
In base 7, what is -1035556 - -1?
-1035555
In base 7, what is -11 + -132213?
-132224
In base 9, what is -14560 + 103?
-14456
In base 15, what is -1 - -7127?
7126
In base 13, what is 17 + 13798?
137b2
In base 10, what is -14 + 1083?
1069
In base 11, what is -4 - 23976?
-2397a
In base 7, what is 166302 - 155?
166114
In base 14, what is -7 + -1b133?
-1b13a
In base 3, what is -1020 + 1110120202?
1110112112
In base 16, what is -d2 + a92?
9c0
In base 14, what is -207 + -7ca?
-9d3
In base 3, what is 11 - -101212221001?
101212221012
In base 10, what is -519 - -14?
-505
In base 13, what is 3 - 9021a?
-90217
In base 3, what is 2020222202 + -12?
2020222120
In base 10, what is -1924 - 7?
-1931
In base 12, what is 0 + 32b70?
32b70
In base 9, what is -10 + 524737?
524727
In base 7, what is -355 + 5652?
5264
In base 10, what is -148588 - 6?
-148594
In base 6, what is 24203 - 301?
23502
In base 13, what is -57c + 6?
-576
In base 16, what is -2df9 + 6?
-2df3
In base 8, what is 167 + 20573?
20762
In base 13, what is -696 + -80?
-746
In base 5, what is -44 - -42?
-2
In base 6, what is 23 + -33445?
-33422
In base 14, what is -2d5577 + 4?
-2d5573
In base 3, what is -2221 + 20021202?
20011211
In base 10, what is -5043 + -5?
-5048
In base 4, what is -2 + -231001203?
-231001211
In base 16, what is -15 + 27de?
27c9
In base 2, what is 110 - 1000110110010101?
-1000110110001111
In base 7, what is 24 + -2532016?
-2531662
In base 14, what is -593d9 + 7?
-593d2
In base 7, what is 2300463 + -3?
2300460
In base 9, what is -60175 + 0?
-60175
In base 13, what is 98b5 + 1?
98b6
In base 16, what is -7 + -937b?
-9382
In base 11, what is -7 + a34?
a28
In base 8, what is -303 - 2726?
-3231
In base 3, what is -2 - -110220010120?
110220010111
In base 7, what is 1151 + 142?
1323
In base 13, what is 5 - -5809a?
580a2
In base 3, what is 10 - 2202110?
-2202100
In base 15, what is c + e760?
e76c
In base 9, what is 17 + -157116?
-157088
In base 12, what is -12 + 1795?
1783
In base 5, what is 40 - 20324?
-20234
In base 7, what is 1 - 14651?
-14650
In base 8, what is 7301 - 566?
6513
In base 2, what is 11001001110 - 1011101111?
1101011111
In base 8, what is 3 + 120637?
120642
In base 10, what is -33 + -2127?
-2160
In base 3, what is 11 + -10010002120?
-10010002102
In base 15, what is c0227 + -2?
c0225
In base 14, what is 7 - 12964?
-1295b
In base 10, what is 2154 + 13?
2167
In base 12, what is -2917 + 1?
-2916
In base 6, what is 1 - -145230?
145231
In base 12, what is -7a460 + 3?
-7a459
In base 8, what is -2006174 - -1?
-2006173
In base 2, what is 11111011010000011010 + -10?
11111011010000011000
In base 4, what is 0 - -121331023?
121331023
In base 2, what is 1000010000001011 + -111010?
1000001111010001
In base 16, what is -61d8 + -4?
-61dc
In base 16, what is 252 - c9?
189
In base 7, what is -34636401 + 3?
-34636365
In base 16, what is 74 + 43f?
4b3
In base 7, what is -24 + -503?
-530
In base 6, what is 201410450 - -1?
201410451
In base 8, what is 5 - 51072?
-51065
In base 5, what is -1320134 + 2?
-1320132
In base 12, what is -599 - -36?
-563
In base 7, what is -51240 - -101?
-51136
In base 8, what is 51 + 1211?
1262
In base 11, what is -81 + 60?
-21
In base 14, what is 85 - -dc4?
1069
In base 9, what is -1685 + -87?
-1783
In base 6, what is -4420134 + 0?
-4420134
In base 3, what is 212102211 + 200?
212110111
In base 4, what is -30 + -202022310?
-202023000
In base 9, what is 1 + 378527?
378528
In base 9, what is -631 + -5?
-636
In base 15, what is 18 + -3d05?
-3cdc
In base 4, what is 23101310 + -10?
23101300
In base 4, what is 2 - 203320000?
-203313332
In base 12, what is 56bb - 4?
56b7
In base 13, what is 6c4988 - 3?
6c4985
In base 15, what is -1beb5 - -c?
-1bea8
In base 16, what is 8e0 - -12a?
a0a
In base 5, what is 10 - -31231?
31241
In base 10, what is 165258 - 2?
165256
In base 8, what is 0 + -126652?
-126652
In base 16, what is 3bc185 - -5?
3bc18a
In base 13, what is 494 + -31c?
175
In base 16, what is 19d6 - -f?
19e5
In base 14, what is 8b75 - 3?
8b72
In base 9, what is -251484 + -32?
-251526
In base 13, what is -a32c0 - 1?
-a32c1
In base 7, what is 25 + -2625?
-2600
In base 5, what is -2033431 - 22?
-2034003
In base 3, what is 11100211202010 + 2?
11100211202012
In base 4, what is -1 + -1013033?
-1013100
In base 10, what is -13 - -41141?
41128
In base 6, what is 10 - -254232?
254242
In base 2, what is -1101111110010 + 1010?
-1101111101000
In base 13, what is -5244 - 5?
-5249
In base 6, wh